der when 1753 is divided by 39.
37
Calculate the remainder when 644 is divided by 36.
32
Calculate the remainder when 1255 is divided by 47.
33
Calculate the remainder when 356 is divided by 75.
56
Calculate the remainder when 138 is divided by 39.
21
What is the remainder when 14425 is divided by 63?
61
Calculate the remainder when 171 is divided by 29.
26
What is the remainder when 1455 is divided by 146?
141
What is the remainder when 873 is divided by 32?
9
Calculate the remainder when 25 is divided by 10.
5
Calculate the remainder when 35 is divided by 13.
9
What is the remainder when 263 is divided by 38?
35
Calculate the remainder when 1663 is divided by 37.
35
Calculate the remainder when 356 is divided by 17.
16
What is the remainder when 2205 is divided by 24?
21
What is the remainder when 54 is divided by 43?
11
What is the remainder when 351 is divided by 90?
81
Calculate the remainder when 1119 is divided by 66.
63
Calculate the remainder when 165 is divided by 43.
36
What is the remainder when 8997 is divided by 30?
27
Calculate the remainder when 717 is divided by 103.
99
Calculate the remainder when 264 is divided by 227.
37
Calculate the remainder when 1017 is divided by 40.
17
What is the remainder when 698 is divided by 32?
26
What is the remainder when 282 is divided by 9?
3
Calculate the remainder when 264 is divided by 18.
12
Calculate the remainder when 171 is divided by 25.
21
What is the remainder when 162 is divided by 5?
2
What is the remainder when 8962 is divided by 6?
4
Calculate the remainder when 447 is divided by 103.
35
Calculate the remainder when 1535 is divided by 55.
50
Calculate the remainder when 898 is divided by 221.
14
What is the remainder when 60 is divided by 15?
0
What is the remainder when 11623 is divided by 25?
23
What is the remainder when 18 is divided by 13?
5
What is the remainder when 2908 is divided by 56?
52
Calculate the remainder when 3521 is divided by 72.
65
What is the remainder when 7562 is divided by 31?
29
What is the remainder when 204 is divided by 31?
18
What is the remainder when 508 is divided by 276?
232
What is the remainder when 474 is divided by 153?
15
Calculate the remainder when 50 is divided by 42.
8
What is the remainder when 3128 is divided by 347?
5
What is the remainder when 523 is divided by 35?
33
What is the remainder when 2129 is divided by 13?
10
Calculate the remainder when 1234 is divided by 407.
13
Calculate the remainder when 265 is divided by 79.
28
What is the remainder when 135 is divided by 35?
30
What is the remainder when 254 is divided by 44?
34
What is the remainder when 81 is divided by 32?
17
What is the remainder when 1021 is divided by 211?
177
Calculate the remainder when 703 is divided by 234.
1
Calculate the remainder when 695 is divided by 6.
5
Calculate the remainder when 113 is divided by 31.
20
What is the remainder when 1051 is divided by 10?
1
What is the remainder when 123 is divided by 26?
19
Calculate the remainder when 456 is divided by 27.
24
What is the remainder when 471 is divided by 43?
41
What is the remainder when 110 is divided by 65?
45
Calculate the remainder when 22 is divided by 9.
4
Calculate the remainder when 5389 is divided by 31.
26
What is the remainder when 4241 is divided by 42?
41
Calculate the remainder when 278 is divided by 70.
68
What is the remainder when 48 is divided by 38?
10
What is the remainder when 822 is divided by 21?
3
Calculate the remainder when 2300 is divided by 39.
38
What is the remainder when 3323 is divided by 52?
47
Calculate the remainder when 4255 is divided by 213.
208
What is the remainder when 204 is divided by 43?
32
What is the remainder when 21 is divided by 7?
0
What is the remainder when 2393 is divided by 23?
1
What is the remainder when 1445 is divided by 23?
19
What is the remainder when 228 is divided by 16?
4
Calculate the remainder when 98 is divided by 6.
2
What is the remainder when 12112 is divided by 18?
16
Calculate the remainder when 5197 is divided by 23.
22
Calculate the remainder when 298 is divided by 51.
43
What is the remainder when 771 is divided by 96?
3
Calculate the remainder when 8714 is divided by 21.
20
Calculate the remainder when 302 is divided by 102.
98
Calculate the remainder when 336 is divided by 122.
92
What is the remainder when 47 is divided by 25?
22
Calculate the remainder when 71 is divided by 18.
17
Calculate the remainder when 404 is divided by 45.
44
Calculate the remainder when 53 is divided by 14.
11
Calculate the remainder when 328 is divided by 47.
46
What is the remainder when 898 is divided by 82?
78
Calculate the remainder when 227 is divided by 6.
5
Calculate the remainder when 1478 is divided by 341.
114
Calculate the remainder when 506 is divided by 158.
32
What is the remainder when 15495 is divided by 41?
38
What is the remainder when 660 is divided by 49?
23
What is the remainder when 116 is divided by 50?
16
What is the remainder when 65 is divided by 36?
29
What is the remainder when 74 is divided by 7?
4
What is the remainder when 151 is divided by 40?
31
Calculate the remainder when 206 is divided by 9.
8
Calculate the remainder when 2565 is divided by 63.
45
What is the remainder when 271 is divided by 13?
11
What is the remainder when 662 is divided by 29?
24
Calculate the remainder when 4537 is divided by 51.
49
Calculate the remainder when 324 is divided by 109.
106
Calculate the remainder when 83 is divided by 28.
27
Calculate the remainder when 758 is divided by 18.
2
Calculate the remainder when 2104 is divided by 26.
24
What is the remainder when 109 is divided by 41?
27
What is the remainder when 193 is divided by 39?
37
Calculate the remainder when 235 is divided by 35.
25
Calculate the remainder when 536 is divided by 173.
17
Calculate the remainder when 3835 is divided by 28.
27
What is the remainder when 1486 is divided by 21?
16
Calculate the remainder when 433 is divided by 68.
25
Calculate the remainder when 176 is divided by 70.
36
Calculate the remainder when 3434 is divided by 380.
14
What is the remainder when 9455 is divided by 49?
47
Calculate the remainder when 234 is divided by 121.
113
What is the remainder when 849 is divided by 198?
57
Calculate the remainder when 537 is divided by 9.
6
Calculate the remainder when 3133 is divided by 28.
25
Calculate the remainder when 214 is divided by 3.
1
Calculate the remainder when 795 is divided by 202.
189
What is the remainder when 2903 is divided by 83?
81
What is the remainder when 11 is divided by 8?
3
What is the remainder when 867 is divided by 232?
171
What is the remainder when 743 is divided by 68?
63
Calculate the remainder when 253 is divided by 51.
49
What is the remainder when 7041 is divided by 1172?
9
What is the remainder when 271 is divided by 58?
39
What is the remainder when 21764 is divided by 311?
305
What is the remainder when 233 is divided by 197?
36
What is the remainder when 1094 is divided by 361?
11
What is the remainder when 82 is divided by 43?
39
Calculate the remainder when 166 is divided by 65.
36
Calculate the remainder when 435 is divided by 23.
21
What is the remainder when 4988 is divided by 156?
152
What is the remainder when 1662 is divided by 45?
42
Calculate the remainder when 1133 is divided by 42.
41
What is the remainder when 449 is divided by 20?
9
What is the remainder when 1548 is divided by 38?
28
What is the remainder when 1649 is divided by 14?
11
Calculate the remainder when 256 is divided by 13.
9
Calculate the remainder when 1385 is divided by 63.
62
What is the remainder when 183 is divided by 30?
3
What is the remainder when 301 is divided by 25?
1
What is the remainder when 1813 is divided by 83?
70
Calculate the remainder when 317 is divided by 33.
20
Calculate the remainder when 689 is divided by 46.
45
What is the remainder when 53 is divided by 16?
5
What is the remainder when 894 is divided by 486?
408
Calculate the remainder when 2967 is divided by 55.
52
What is the remainder when 136 is divided by 88?
48
Calculate the remainder when 711 is divided by 59.
3
Calculate the remainder when 500 is divided by 87.
65
What is the remainder when 181 is divided by 93?
88
Calculate the remainder 